nd 151?
151
Calculate the greatest common factor of 3267 and 3894.
33
Calculate the highest common divisor of 56320 and 520.
40
What is the highest common divisor of 1289 and 75?
1
What is the highest common divisor of 8147838 and 1307?
1307
What is the highest common factor of 45 and 1019655?
45
What is the greatest common divisor of 70842 and 1338?
6
What is the greatest common divisor of 252 and 14580?
36
Calculate the greatest common factor of 344 and 3182.
86
Calculate the highest common divisor of 4148 and 28.
4
Calculate the greatest common divisor of 231 and 31801.
77
What is the highest common factor of 252249 and 141?
141
Calculate the greatest common divisor of 175 and 21231.
7
Calculate the highest common divisor of 344 and 18017.
43
What is the greatest common factor of 29648 and 82840?
872
Calculate the greatest common factor of 30 and 113220.
30
What is the highest common factor of 156696 and 168?
24
What is the greatest common divisor of 270 and 10360?
10
Calculate the highest common divisor of 12194 and 5460.
182
Calculate the greatest common factor of 108 and 50742.
18
What is the greatest common divisor of 2468 and 116?
4
Calculate the greatest common factor of 1091317 and 542.
271
Calculate the greatest common factor of 62266 and 1956.
326
Calculate the highest common divisor of 164670 and 50.
10
What is the highest common factor of 809481 and 141?
141
What is the greatest common divisor of 180 and 616020?
60
Calculate the greatest common factor of 95 and 130435.
95
Calculate the greatest common factor of 1078 and 13769.
49
What is the highest common divisor of 413480 and 5?
5
What is the greatest common divisor of 226796 and 93?
31
What is the highest common divisor of 13 and 144937?
13
What is the highest common divisor of 53983 and 3?
1
Calculate the highest common factor of 21356 and 21918.
562
What is the greatest common divisor of 717409 and 363?
121
What is the highest common divisor of 1582 and 16950?
226
What is the highest common factor of 3002 and 722?
38
What is the highest common factor of 88633 and 61?
61
What is the greatest common divisor of 1223157 and 26?
13
Calculate the greatest common divisor of 93775 and 47795.
605
What is the highest common factor of 147 and 58702?
49
What is the greatest common divisor of 80727 and 1491?
213
What is the highest common divisor of 204 and 1700?
68
What is the highest common factor of 16188 and 3834?
426
Calculate the highest common divisor of 302651 and 323.
323
Calculate the highest common divisor of 4642 and 1122.
22
What is the highest common divisor of 59892 and 7378?
434
Calculate the greatest common divisor of 3 and 342897.
3
Calculate the greatest common factor of 12874 and 82.
82
What is the highest common factor of 13156 and 8140?
44
Calculate the greatest common factor of 714 and 38250.
102
Calculate the greatest common factor of 62232 and 84.
12
Calculate the highest common factor of 14064 and 75.
3
Calculate the greatest common divisor of 6123 and 78.
39
What is the highest common factor of 462 and 31962?
42
Calculate the highest common divisor of 11050 and 53040.
2210
Calculate the greatest common factor of 280 and 147672.
56
Calculate the greatest common divisor of 125 and 591125.
125
Calculate the greatest common divisor of 3082 and 1687395.
1541
What is the greatest common divisor of 37031 and 152?
19
Calculate the highest common divisor of 154301 and 98.
49
Calculate the highest common factor of 10 and 27440.
10
What is the greatest common factor of 3987 and 194477?
443
What is the highest common factor of 171 and 90687?
57
What is the greatest common divisor of 782 and 143014?
46
What is the greatest common factor of 268464 and 28?
28
What is the highest common factor of 657666 and 1026?
1026
Calculate the greatest common divisor of 16 and 10213.
1
What is the greatest common factor of 315 and 9905?
35
Calculate the highest common factor of 32 and 84024.
8
Calculate the greatest common divisor of 535461 and 3.
3
Calculate the highest common factor of 487 and 67.
1
Calculate the highest common factor of 3996 and 63828.
108
What is the greatest common divisor of 531584 and 3584?
128
Calculate the highest common divisor of 13262 and 608.
38
What is the highest common factor of 95940 and 164?
164
Calculate the greatest common divisor of 54 and 18758.
2
What is the highest common divisor of 6552 and 16?
8
What is the highest common factor of 468 and 145782?
234
Calculate the highest common divisor of 1020 and 152490.
510
Calculate the highest common divisor of 1216 and 504336.
304
Calculate the greatest common factor of 3498755 and 5.
5
What is the highest common divisor of 481990 and 2456?
614
Calculate the greatest common divisor of 7254 and 381238.
806
Calculate the highest common divisor of 18993 and 195.
39
Calculate the highest common divisor of 2254 and 138.
46
What is the greatest common divisor of 72 and 29763?
9
Calculate the greatest common factor of 1343 and 100172.
79
Calculate the highest common divisor of 338 and 104026.
26
What is the greatest common divisor of 19328 and 992?
32
What is the greatest common divisor of 28 and 13244?
28
What is the highest common factor of 59 and 1054979?
59
What is the greatest common factor of 532 and 3500?
28
What is the greatest common factor of 34626 and 174?
174
What is the greatest common divisor of 47823 and 513?
57
Calculate the highest common divisor of 5901 and 185179.
281
Calculate the highest common factor of 27 and 7533.
27
What is the highest common divisor of 6234065 and 985?
985
Calculate the greatest common factor of 23524 and 148.
4
Calculate the greatest common divisor of 1630 and 320.
10
What is the greatest common divisor of 39088 and 16?
16
Calculate the greatest common divisor of 122892 and 2548.
196
What is the greatest common divisor of 8410 and 170230?
290
Calculate the highest common divisor of 684867 and 2004.
501
Calculate the greatest common factor of 5518189 and 19.
19
Calculate the greatest common factor of 4572 and 604647.
1143
Calculate the highest common divisor of 454 and 1399001.
227
Calculate the greatest common divisor of 566 and 187063.
283
What is the highest common divisor of 1026 and 161861?
19
What is the greatest common factor of 134165 and 15?
5
Calculate the greatest common factor of 1269 and 16389.
27
What is the highest common divisor of 1314075 and 42?
21
Calculate the greatest common factor of 267 and 7951794.
267
Calculate the greatest common divisor of 10416 and 60144.
336
What is the greatest common divisor of 1254 and 10450?
418
What is the greatest common divisor of 42160 and 3689?
527
What is the highest common divisor of 1441 and 393?
131
Calculate the highest common divisor of 80142 and 666.
222
Calculate the highest common divisor of 66 and 759.
33
What is the highest common factor of 9 and 3966336?
9
What is the highest common factor of 201131 and 13216?
413
What is the greatest common divisor of 4630253 and 1271?
1271
Calculate the greatest common factor of 8528 and 4920.
328
What is the greatest common divisor of 4147 and 533?
13
What is the greatest common factor of 242 and 1525931?
121
Calculate the greatest common factor of 10 and 55570.
10
What is the greatest common divisor of 54919 and 1?
1
Calculate the highest common divisor of 2839 and 60877.
17
What is the greatest common factor of 1796887 and 19?
19
Calculate the greatest common divisor of 4725 and 834525.
225
Calculate the highest common factor of 225126 and 11.
11
What is the greatest common divisor of 2434 and 984553?
1217
What is the highest common divisor of 224224 and 52283?
539
Calculate the greatest common factor of 2140 and 340.
20
Calculate the highest common factor of 1170 and 5085.
45
What is the greatest common divisor of 172 and 4099018?
86
What is the greatest common factor of 2825774 and 476?
238
Calculate the highest common factor of 783 and 25433.
29
Calculate the highest common divisor of 88 and 69124.
44
Calculate the highest common divisor of 60263 and 28.
7
Calculate the highest common divisor of 1464896 and 282.
94
Calculate the greatest common factor of 27619 and 42401.
389
What is the highest common factor of 180855 and 225?
45
Calculate the highest common 